80 = 5*d + 2*i. Suppose -30*w - 702 = -84*w. Calculate the remainder when d is divided by w.
10
Let n(v) be the first derivative of -v**3/3 + 5*v**2 - 4*v + 4. What is the remainder when n(6) is divided by 11?
9
Suppose 825 = 21*n - 16*n. Let t = -147 + n. Calculate the remainder when 121 is divided by t.
13
Suppose 2*j = g - 89, -3*g + 3*j + 237 + 36 = 0. Suppose -9 = 7*u - g. What is the remainder when 58 is divided by u?
10
Let z(h) = -33*h + 19. What is the remainder when z(-6) is divided by 13?
9
Calculate the remainder when 135/(-3)*(8/2 - 13) is divided by 68.
65
Let s = -1 + -7. Suppose 0 = -2*v - v + 87. Let f = v + s. What is the remainder when 41 is divided by f?
20
Let v = -780 - -795. Calculate the remainder when -2 - 0 - 12*-5 is divided by v.
13
Let f be -3*(-4 + (-213)/9). Suppose 0 = -k - 6 + f. What is the remainder when k is divided by 16?
13
Let m(g) = -5*g**3 - 3*g**2 - 10*g - 9. What is the remainder when m(-4) is divided by 16?
15
What is the remainder when 145 is divided by (6/(-18))/(8/(-24))*14?
5
Let g = -1447 + 1994. Calculate the remainder when g is divided by 8.
3
Suppose -2*a - 5*y - 13 = 0, -6*a + 3*a = -3*y - 33. Suppose -a*d = -22 - 2. What is the remainder when d is divided by 3?
1
Let s be (-40)/(-16)*132/10. Let n = s - 13. Suppose 5*q - n = 5. Calculate the remainder when 13 is divided by q.
3
Let i(a) = 28*a + 2. Let x(v) = 3*v**2 + 87*v + 20. What is the remainder when i(2) is divided by x(-29)?
18
Let u be -30*-2*(-3)/12. Let h = u - -43. Calculate the remainder when 167 is divided by h.
27
Let f(w) = 58*w**3 - w**2 - w + 2. Calculate the remainder when 637 is divided by f(1).
57
Let t = -70 + 286. Calculate the remainder when t is divided by 74.
68
Let z(h) = 5*h**2 - 2*h - 3. Let v(p) = -p**2 + 15*p - 10. Let a be v(14). Suppose 163 + 85 = a*d. Calculate the remainder when d is divided by z(-2).
20
Let o = 18 - -3. Let z(m) = m + 34 - 44 + 6*m. What is the remainder when o is divided by z(3)?
10
Let x(a) = -14*a + 205. Calculate the remainder when 178 is divided by x(13).
17
Let o = -1112 + 1128. What is the remainder when 17 is divided by o?
1
Suppose -65 = -3*d - 59. Suppose -d*a - 13 + 31 = 0. Calculate the remainder when a is divided by 4.
1
Suppose 3*z - 7*z = -64. Suppose k = -2*i + 7, 0 = -5*k - 2 - 13. What is the remainder when z is divided by i?
1
Suppose -m + 54 = 7*f - 2*f, 4*m - 4*f = 192. Calculate the remainder when ((-5952)/160)/((-2)/5) is divided by m.
44
Suppose -3*k + 100 = w, k - 25 - 5 = 3*w. Calculate the remainder when k is divided by 26.
7
Suppose 48*u = 15557 - 581. Calculate the remainder when u is divided by 105.
102
Suppose 0 = 5*m - 3*j - 193, -10*j + 5*j = 5*m - 185. What is the remainder when 114 is divided by m?
0
What is the remainder when 9/6*(2424/18 + -6) is divided by 54?
31
Let j(b) = -b + 76. Let f be j(25). What is the remainder when (-2 - f)*3*48/(-72) is divided by 36?
34
Let g(i) = -3*i - 15. Let a be g(-6). Let s(n) = -n**2 + 3. Let u be s(a). What is the remainder when 35 is divided by 135/(-10)*u/9?
8
Let a be (-476)/10 + 22/(-55). Let u = 15 + a. Let d = -10 - u. Calculate the remainder when 67 is divided by d.
21
What is the remainder when -2*4/8*-38 is divided by (42/28)/(6/40)?
8
Let z = -32 + 35. Suppose 0 = 3*b + z*n - 207, 0*n = -4*b - 5*n + 275. Let w(i) = i**3 + 6*i**2 - 4*i - 6. What is the remainder when b is divided by w(-6)?
16
Let u(c) = c - 5. Let d be (-3)/2*(-14)/(-3). Let z(p) = p - 10. Let h(f) = d*u(f) + 3*z(f). Calculate the remainder when h(-6) is divided by 15.
14
What is the remainder when 2*-282*10/(-40) is divided by 11?
9
Let a(r) = -40*r - 41. Calculate the remainder when a(-10) is divided by 107.
38
Let y = 158 + -138. What is the remainder when (0 + -1)/(1/(-59)) is divided by y?
19
Suppose 77*b - 1680 = 42*b. Calculate the remainder when b is divided by 30.
18
Suppose 12*j = 87 + 57. Suppose -4*k = -0*k - 92. Let r = 58 - k. What is the remainder when r is divided by j?
11
Let p be (-81)/(-6) + (-1)/(-2). Suppose 5*n - 2*y - p = 149, 3*n = 2*y + 101. What is the remainder when 152 is divided by n?
28
Let h(o) = 7*o - 42. Let k(c) = 14*c - 83. Let a(p) = -7*h(p) + 4*k(p). What is the remainder when 147 is divided by a(9)?
22
Let s(u) = 0*u**3 + 1 - 3*u**3 - 5*u + 4*u. What is the remainder when s(-2) is divided by (9 + -4)*119/85 - 0?
6
Let n = 3 - 1. Suppose -n*m + 890 = -7*m. Let c = -92 - m. What is the remainder when c is divided by 30?
26
Let o(x) = -2*x**2 - 13*x - 3. Let s be o(-9). Let q = -39 - s. Calculate the remainder when q is divided by 3.
0
Let l(o) = -18*o - 52. Suppose -3*n + 3 - 30 = 0. Calculate the remainder when l(-5) is divided by (-30)/(1*n/6).
18
Let p(k) = -2*k**3 - 8*k**2 + 10*k + 19. Suppose -3*u - 12 = -u. Suppose -11 = -h + 15. Calculate the remainder when p(u) is divided by h.
25
Let n = 37 + -23. Let j = n + -10. What is the remainder when j is divided by 2?
0
Suppose -20*g + 189 = -17*g. Calculate the remainder when 36 is divided by -1 + ((-8)/(-12))/(2/g).
16
Let w(v) = -v**2 + 15*v - 16. Let f be w(12). Suppose 0 = -11*d + 9*d + f. What is the remainder when d is divided by 3?
1
Let x = -133 + 194. Suppose -g + 63 = x. Calculate the remainder when 3 is divided by g.
1
Let q = 35 - 33. Let r(g) = 8*g**2 + g - 4. What is the remainder when r(q) is divided by 18?
12
Suppose i = -10*i + 8327. What is the remainder when i is divided by 10?
7
Let n(r) = r**3 + 22*r**2 + 23*r - 44. What is the remainder when n(-18) is divided by 12?
10
Let w = 1645 + -1003. Calculate the remainder when w is divided by 15.
12
Let g(z) = -z**3 + 5*z**2 + 8*z + 3. What is the remainder when 356 - -1*(2 - 3) is divided by g(4)?
49
Suppose 89 + 11 = 5*h. Let g(p) = -p**2 - 29*p + 17. Calculate the remainder when g(-24) is divided by h.
17
Suppose 0 = -2*d + 4*d - 6. Suppose 0 = 2*p - 2, d*p - 4*p = -o + 14. Let l(s) = 4*s - 2. What is the remainder when l(11) is divided by o?
12
Let z(g) = -g**3 + g**2 + 16*g - 33. What is the remainder when z(-8) is divided by 38?
35
Let w be (-2)/((-12)/6)*(1 + 47). Suppose o = -3*o + w. Calculate the remainder when 46 is divided by o.
10
Let v = 5 + -3. Suppose 3*r - 180 = -v*r. Suppose j - 3*j + 26 = 0. What is the remainder when r is divided by j?
10
Suppose 2*f + 33 + 11 = 3*x, 0 = -x + f + 16. Let u = x + 2. Let l = u - -2. What is the remainder when 31 is divided by l?
15
Let f(h) = h**3 - 2*h**2 + 8*h + 6. Suppose 0 = 5*k + q - 771, 1 = q - 0. Calculate the remainder when k is divided by f(3).
37
Suppose -2*w + 10 = 0, c + 5*w - 297 = 2*w. Let s(f) = -11*f**2 - 29*f - 131. Let p be s(-4). Let a = c + p. Calculate the remainder when a is divided by 23.
22
Let l = 66 - 335. Let s = -183 - l. Calculate the remainder when s is divided by 44.
42
Let i = 73 - 71. Suppose 5*z = i*j - 40 - 87, -2*z = -5*j + 307. Calculate the remainder when j is divided by 21.
19
Suppose 0 = -5*t + t. Let u(j) = j**3 - j**2 + 10. Suppose 0 = 7*l - 18 - 10. Calculate the remainder when u(t) is divided by l.
2
Suppose 4*z - 41 - 153 = -o, z + 5*o = 39. Let p = -34 + z. What is the remainder when 9/(-12) - (-115)/4 is divided by p?
13
Let i = -147 + 187. Calculate the remainder when 49 is divided by i.
9
Suppose -2*b + 4*d = -622, 5*b - 17*d = -14*d + 1562. What is the remainder when b is divided by 45?
43
Suppose -7*w + 112 - 14 = 0. Calculate the remainder when (490/w)/((-2)/(-4)) is divided by 12.
10
Suppose 2*t - 2*j = 40, 44 = 4*t + 6*j - j. Suppose -10 = 7*f - 8*f. Calculate the remainder when t is divided by f.
6
Let u(v) = v**3 + v - 14. Let j be u(0). Let m = 24 + j. Calculate the remainder when 39 is divided by m.
9
Suppose 10 = f + f. Suppose 5*r - 4*t = -123 + 323, 3*r = f*t + 107. Suppose 0 = -4*k - 16 + r. What is the remainder when k is divided by 4?
3
What is the remainder when -1*2 + (74 - -3) is divided by ((-76)/20)/(3/15)*-2?
37
Let g(w) = w**2 + 7*w + 9. Let y be g(-6). Suppose 0 = -y*z + 43 + 59. Calculate the remainder when 167 is divided by z.
31
Let i(h) = -h**3 + 11*h + 32. What is the remainder when i(-5) is divided by 39?
24
Let b(t) = -t**2 + 11*t. Let o(j) = j + 3. Let d be o(2). Let w be b(d). Let y = w - 4. Calculate the remainder when y is divided by 9.
8
Calculate the